mmon divisor of 9 and i?
9
Let j = -181 + 307. Calculate the greatest common divisor of j and 36.
18
Let n = 512 + -452. Calculate the greatest common factor of n and 72.
12
Suppose 4*q - 358 = -2*j - 114, -q + j = -64. Suppose -3*a + 14 = 23, -2*m + 5*a + 77 = 0. Calculate the highest common factor of q and m.
31
Let q be 25/(-150) - (-73)/6. What is the greatest common divisor of q and 21?
3
Let c be (-210)/280 - (-1615)/4. Calculate the highest common factor of c and 31.
31
Suppose -5*g + 4*i + 1467 + 2258 = 0, 0 = -g - 5*i + 716. Calculate the highest common divisor of g and 156.
39
Let k be (-91)/42 + 4 - 2/(-12). Suppose -52 = -2*n + 5*s, 4*n - k*s = 6*n - 52. Suppose 286 + 338 = 3*f. Calculate the greatest common factor of f and n.
26
Suppose 4*x + 22 - 1533 = m, -2*m + 380 = x. Calculate the highest common factor of x and 42.
42
Suppose -s = -2*j + 85, -2*j + 6*s = 33 - 123. What is the greatest common factor of 8 and j?
2
Suppose -y = -2*y + 4. Suppose -4*q + 12 = -0*q, y*j = 2*q + 22. Calculate the greatest common factor of j and 91.
7
Suppose 9*f - 6*f - 408 = -t, 3*t + 4*f = 1214. What is the greatest common divisor of t and 12?
6
Suppose 5*c + 2*u - 117 - 128 = 0, 0 = 5*c - u - 260. Calculate the highest common factor of 527 and c.
17
Let z be 350/(-3) + (-2 - 32/(-12)). Let n = z + 164. Let b = -16 - -22. Calculate the greatest common divisor of b and n.
6
Let z = 4 + 2. Let j be ((-13)/((-182)/(-48)))/(2/(-14)). Calculate the greatest common divisor of z and j.
6
Let u = 1074 + -1018. Calculate the highest common factor of u and 52.
4
Let j(p) = -2*p - 12. Let r be j(-7). Suppose 2 + 8 = r*v. Let q = 6 + 19. Calculate the highest common divisor of q and v.
5
Let r = -103 - -199. Let d be 483/15 - (-1)/(-5). Calculate the greatest common factor of r and d.
32
Suppose -7*h = -2 - 40. Let m be 40/12 + (-2)/h - -13. Calculate the highest common factor of 40 and m.
8
Suppose 2*g = 3*g - 14. Suppose -2*d = 3*y - 46, y + d - g = -d. Calculate the highest common divisor of 4 and y.
4
Let g be (1 - 1) + (-2 - -6). Let x = -95 - -100. Let w be x/(-15)*-4*12/4. What is the highest common divisor of w and g?
4
Let m(j) = 6*j - 78. Let k be m(27). Suppose i - 13 - 1 = 0. What is the highest common factor of k and i?
14
Let y be (132/(-28) - -3)*(-11 + 4). Calculate the highest common divisor of 30 and y.
6
Suppose -5*p = 5*d, 4*p + 2*d + 0*d - 6 = 0. Suppose -p*u - 2 = -4*u. Let v be -19*2/(-4)*u. What is the greatest common factor of v and 57?
19
Suppose -3*r + 290 = 2*r. Suppose 0 = -77*y + 80*y - 96. Suppose 5*i = r + y. What is the highest common divisor of i and 9?
9
Let m(j) = j**3 - 2*j**2 - 6*j + 11. Let a be m(5). Suppose -y + a = 2. What is the greatest common factor of 36 and y?
18
Let i = -73 + 75. Suppose -5*b + u + 15 + 5 = 0, 3*b - i*u - 5 = 0. Calculate the greatest common factor of 1 and b.
1
Suppose -2*t + 50 = 3*a - 0*t, 4*t = -3*a + 58. Calculate the greatest common factor of 231 and a.
7
Let u(n) = 12*n**2 + 29*n + 127. Let d be u(-4). Calculate the greatest common factor of d and 29.
29
Suppose 2*v = 4*u + 14, 6 = -v - 2*u + 17. What is the highest common factor of v and 630?
9
Suppose m + 2*z + 2*z - 372 = 0, z = m - 367. Calculate the highest common divisor of m and 69.
23
Let l(z) = 13*z - 303. Let x be l(37). What is the highest common divisor of x and 623?
89
Suppose -5*n = -5*k, -3*k = 3*n - 4*n - 10. Let d(s) = -23*s - 7. Let x be d(3). Let j = x + 77. What is the greatest common divisor of j and n?
1
Suppose -3354 = 23*u - 29*u. Calculate the greatest common divisor of u and 13.
13
Suppose 5*a - 820 = -4*q, 4*a = -34 + 18. Calculate the highest common divisor of q and 63.
21
Suppose 4*z = 19 + 37. Let j = z + -13. Let n be j/(67/33 - 2). What is the highest common factor of n and 3?
3
Let d(i) = 12*i**2 + 3*i. Let y be d(-2). Let x = 68 - y. Let a be (7 - 19)*x/(-6). Calculate the highest common divisor of 13 and a.
13
Suppose 17*c + 5*y = 19*c - 691, -1390 = -4*c + 2*y. Calculate the highest common factor of 12 and c.
12
Let p = -7 + 11. Suppose p*j - 10 = 6. Let f be 108/(-2)*(-2)/j. Calculate the greatest common factor of 18 and f.
9
Suppose -9 = 13*s + 56. Let c(q) = -q**2 - 10*q + 6. Let k be c(s). What is the greatest common divisor of 341 and k?
31
Let t = 250 + 310. Suppose 0*m - 8*m + t = 0. What is the greatest common factor of m and 35?
35
Let v(l) = -51*l + 126. Let i be v(-2). Calculate the greatest common divisor of i and 108.
12
Let p be (-3 + 26)/(2/6). What is the highest common factor of p and 299?
23
Let w = 102 + -97. Let m(g) = g**2 + g - 1. Let n be m(1). Suppose -b = x - 2 - n, w*b - 4*x + 3 = 0. What is the greatest common divisor of 3 and b?
1
Let i = 236 - 65. Let r(q) = -q**2 + 3*q + 227. Let w be r(-13). What is the greatest common factor of i and w?
19
Let n be (25/(-2))/5*-2. Suppose -5*v - 5 = -0*v, 0 = n*a + v - 134. What is the greatest common factor of a and 3?
3
Suppose 7*x = -0*x + 126. Calculate the highest common divisor of x and 2.
2
Let n(j) = 4*j + 106. Let p be n(-14). What is the greatest common divisor of p and 925?
25
Suppose -3 = m - 5. Suppose 5*p = m*x + 8 - 106, -4*p = 8. What is the highest common factor of x and 11?
11
Suppose 5*o = -25, -g + 3*o = -4*g + 315. Let q = g - 63. Calculate the greatest common factor of 329 and q.
47
Let m = -4 + 20. Let h = m - 3. Calculate the highest common factor of h and 13.
13
Suppose 5*n + 4*p - 102 = 14, -3*n - p = -71. Let w = -38 + n. Let l = w + 23. Calculate the highest common divisor of 72 and l.
9
Let v(k) = k**3 + 13*k**2 - 24*k + 18. Let p be v(-14). Let o = 310 - p. What is the highest common divisor of 19 and o?
19
Let n be 1/(-5) + 8/40. Suppose n*w = -w. Let i be 11 + -2 + (w - 0). What is the highest common divisor of 1 and i?
1
Suppose -3*l + 0*b + 550 = -2*b, -b = -1. Suppose -4*d + l = -0*d. Suppose 43*k - d*k + 33 = 0. What is the greatest common factor of 121 and k?
11
Let i = -97 + 197. Suppose 0 = -3*s - 5*w + 136, w - 4*w = 3. Let a = s + -37. What is the greatest common factor of i and a?
10
Suppose 18*h - 388 - 404 = 0. Calculate the highest common divisor of h and 66.
22
Suppose -4*v = -5*t - 29, 0*t - 6 = -2*t. What is the greatest common factor of 1 and v?
1
Let l = -322 + 335. What is the highest common divisor of 3 and l?
1
Suppose -2*j + 34 = -s + 6*s, 34 = 4*s + 5*j. Let u be 18*(26/s + -3) - 0. Calculate the highest common factor of u and 16.
8
Let n = 126 - 1. Suppose -11128 + 12228 = 22*k. Calculate the highest common divisor of n and k.
25
Let r = -595 + 600. What is the highest common divisor of 45 and r?
5
Let p be ((-6)/(-8) - 0) + (-11742)/(-824). What is the greatest common divisor of p and 25?
5
Suppose -5*i - 4*y + 309 = 0, -2*y = -4*i - 6*y + 244. Let x = i - 47. Suppose 0 = -4*n + 2*n + 396. Calculate the highest common divisor of n and x.
18
Let v(m) = -7*m - 66. Let j be v(-30). Calculate the highest common divisor of 240 and j.
48
Let t(q) = -3*q**3 - 4*q**2 - q + 2. Let o = 29 + -18. Let f = 9 - o. Let r be t(f). Calculate the greatest common divisor of 96 and r.
12
Let d be -4*1/(-3)*9. Calculate the highest common divisor of d and 132.
12
Let y = -72 + 47. Let h = -1 - y. Calculate the highest common factor of h and 264.
24
Suppose -2*o = f - 2*f - 105, -3*f = 2*o - 93. What is the greatest common factor of o and 1173?
51
Let v(p) = p**2 + 3*p + 2. Let x = 5 - 7. Let z be v(x). Suppose 43 = 4*o + w, -o - 5*w + 25 = -z*w. What is the highest common divisor of 90 and o?
10
Let z be 2 - -227 - (-17 - -14). Calculate the greatest common factor of z and 8.
8
Let b(o) = -o**3 + 11*o**2 - 11*o + 17. Let h be b(10). Calculate the highest common divisor of 448 and h.
7
Let g = -84 + 140. Let l be (-2 + 2)/(-4 + 3). Suppose -3*a + 4*u + 17 = l, 2*u - 16 = 4*a - 42. What is the greatest common factor of g and a?
7
Suppose 0 = -5*p + 5*z + 25, 5*p + 7*z = 3*z + 16. Let n(x) = -x + 25. Let v be n(p). Calculate the greatest common divisor of 189 and v.
21
Let v be 14520/135 - 8/(-18). What is the highest common divisor of 36 and v?
36
Let t be ((108/21)/3)/((-60)/(-45150)). Calculate the highest common divisor of t and 30.
30
Suppose 3*q + 554 = 5*p, 2*q = -3*p - 3*q + 346. What is the 